. What is the remainder when j(4) is divided by h(4)?
0
Let s(t) = -t**3 - 4*t**2 + 4*t + 8. Let l be s(-4). Let y(m) = m + 15. What is the remainder when y(l) is divided by 5?
2
Suppose 0*u + 6 = -2*u - 5*w, -u - 5*w = 8. What is the remainder when 7 - (u + -2)/(-1) is divided by 2?
1
Let j = 281 + -193. Suppose 0 = -4*v - 4*s + j, -s = -0*v + 4*v - 73. Calculate the remainder when v is divided by 10.
7
Let f(s) = s**3 - 4*s**2 + s + 2. Let y be f(4). Let o(g) = g**2 - 3*g + 6. Calculate the remainder when o(y) is divided by 9.
6
Calculate the remainder when -9*(2 - (68/12 - 3)) is divided by 6/2*(-8)/(-6).
2
Calculate the remainder when (((-2)/4 - 0) + 1)*158 is divided by 21.
16
Suppose -5*x - 2*b + 148 = 0, -40 = -2*x + 2*b + 2*b. Let u = -5 + x. What is the remainder when u is divided by 13?
10
Let u(v) = 2*v + 7*v**2 + 3 - 6 + 2. Suppose 0 = 2*t - 20 - 4. What is the remainder when u(-2) is divided by t?
11
What is the remainder when ((-4)/12*1)/((-3)/279) is divided by 16?
15
Suppose 0*o - 25 = -5*o. Let x = -1 + o. Let u(m) = -m. What is the remainder when x is divided by u(-2)?
0
Let x(u) = u**3 - 9*u**2 - 6*u - 5. Let k(b) be the third derivative of b**5/15 + b**4/12 - b**2. Calculate the remainder when x(10) is divided by k(-2).
11
Let j = -2 - -4. Let p = j - 1. Let m(u) = 40*u. Calculate the remainder when m(p) is divided by 14.
12
Suppose -2*t = -0 - 104. Let c = t - 36. Calculate the remainder when 31 is divided by c.
15
Let z be (5 - 0)/(1/3). What is the remainder when 65*2*3/z is divided by 14?
12
Suppose 5*o + 163 = w, 4*w + 3 + 5 = 0. Let y be (-1329)/(-27) - (3 + (-100)/36). Let u = y + o. What is the remainder when u is divided by 9?
7
Suppose -4*o - s + 35 = -4*s, 0 = 5*s + 25. Let n(a) = 17*a + 1. Calculate the remainder when n(1) is divided by o.
3
Let g(n) = n**2 + n + 6. Calculate the remainder when 51 is divided by g(-4).
15
Suppose -11 = -4*m + 5*r, 0 = 7*m - 3*m - 3*r - 13. Suppose z + 69 = m*z. What is the remainder when z is divided by 12?
11
Let f(x) = -x**3 - 7*x**2 - 8*x - 4. Let h be f(-6). Let g(s) = s - 6. Calculate the remainder when 2 + 3 + -3 + 4 is divided by g(h).
0
Let f(y) = 2*y**2 - y - 2*y - 31*y**3 + 3*y - 1. What is the remainder when f(-1) is divided by 17?
15
Let u(j) = -j**3 + 6*j**2 + 5*j - 12. What is the remainder when 75 is divided by u(5)?
37
Let a = 7 + 6. Let i = -9 + a. What is the remainder when i is divided by (1 + -2)/(2/(-4))?
0
Let s be 12/8*4/2. Suppose -s*r - 58 = -5*d - 9, 0 = 3*d - r - 31. Calculate the remainder when d is divided by 4.
3
Let n(y) = -y**3 + 9*y**2 - 7*y - 8. Let o be n(8). Suppose -3*k - 138 = -6*i + i, i - 5*k - 10 = o. What is the remainder when 89 is divided by i?
29
Suppose p - 2*m - 6 = -5, -3*p + 2*m = -7. Suppose -o + 7 = 3*n, -n - o + p + 2 = 0. What is the remainder when 1 is divided by n?
0
Suppose 0*i = i. Suppose -4*g + 71 = 3*n, -n + i*n = 5*g - 75. Calculate the remainder when 27 is divided by g.
13
Suppose 3*o + 100 = 8*o. Let f = 113 - 54. What is the remainder when f is divided by o?
19
Suppose c = -3*c + x + 202, -3*c + 2*x + 154 = 0. What is the remainder when c is divided by 19?
12
What is the remainder when 61 + (1 - 3/(-3)) is divided by 8?
7
Let t be (-1 - -2)/((-2)/20). Let o = -2 - -5. Calculate the remainder when (-69)/(-15) + 6/t is divided by o.
1
Let q = -11 - -28. Let h = q + 14. Suppose 4*m = 6*m - 22. Calculate the remainder when h is divided by m.
9
Let o(x) = -x**3. Let t be o(2). Let b = 27 + t. What is the remainder when (b - 3)/((-2)/(-3)) is divided by 13?
11
Let t = -1 - -2. Let l be (1/(-2))/((-3)/(-6)). Let a = t - l. What is the remainder when 5 is divided by a?
1
Suppose -3*h - 4 = -4*k - h, -2*k - 2 = h. Suppose k = 5*c - 108 - 152. What is the remainder when c is divided by 18?
16
Let t(h) = 5 - 1 + 7*h**2 + 4*h**3 - 3*h**3. Suppose -3 - 3 = s. What is the remainder when t(s) is divided by 14?
12
Let g be (-1 - 2)/(-1 - -2). Let k = -1 - g. Suppose k*o = 5 + 35. Calculate the remainder when 58 is divided by o.
18
Let t(b) = 21*b**2 - 1. Calculate the remainder when t(-1) is divided by 6.
2
Let b = 17 + 5. What is the remainder when b is divided by 6?
4
Let w(l) = 3*l - 1. Let j(k) = k - 1. Let d(c) = 5*j(c) - 2*w(c). Calculate the remainder when 3 is divided by d(-5).
1
Let y(f) = f**3 + 5*f**2 + 3*f + 5. Let n be y(-5). Let r = 14 + n. Calculate the remainder when 9 is divided by r.
1
What is the remainder when 186 is divided by (-2)/(-3*4/162)?
24
Let q = 90 - 78. Calculate the remainder when 15 is divided by q.
3
Let f = -4 - -3. Let o = 5 + f. Suppose 0 = 2*j + o*l - 78, 0 = -5*j + j + 5*l + 221. What is the remainder when j is divided by 17?
15
Let y be (-6 + 2)*2/4. What is the remainder when 25 is divided by 21/y*4/(-3)?
11
What is the remainder when (8/(-24))/(3/(-747)) is divided by 21?
20
Let t be 14/4 - 6/(-12). Suppose 4*h - 2*g - 28 = 24, -2*h = -t*g - 14. What is the remainder when 28 is divided by h?
13
Suppose -2*l = -79 + 1. What is the remainder when l is divided by 14?
11
Suppose 58 = g - a, -2*a + 5*a = -5*g + 274. What is the remainder when g/12*9*1 is divided by 22?
20
Suppose y = 1 + 3. Suppose y*u + 2*n = 3*n + 12, 4*u + 5*n = -12. Suppose 5 = m - s, -13 = -5*m + 2*s - 0*s. Calculate the remainder when u is divided by m.
0
Suppose 30 = 3*c - 24. Suppose 0*g - 14 = 2*g. Let y = 17 + g. Calculate the remainder when c is divided by y.
8
Let c(p) = -p + 1. Let n be c(-4). Let w(k) = -6 + 0 + 5 - n*k. Calculate the remainder when w(-3) is divided by 8.
6
Suppose -4*f + 2*m = -3*f - 10, -2*m = 3*f - 6. What is the remainder when 9 is divided by f?
1
Suppose 5*q = -5*d - 0 + 135, -56 = -2*q - 4*d. What is the remainder when q is divided by 6?
2
Let w(l) = -l - 6. Let s be w(-6). Suppose 0 = -h - s*h + 23. Calculate the remainder when h is divided by 12.
11
Let i(n) = -n - 11. Let r be i(-8). What is the remainder when 1/((0 - r)/27) is divided by 6?
3
Calculate the remainder when (-1)/(-1) - -17 - 0 is divided by (-336)/56 + 11 + 1.
0
Suppose 33 - 13 = 5*l. Suppose -3*y + 5*q = -10, 4*q = -0*q + 16. Calculate the remainder when y is divided by l.
2
Let v = -17 - -29. What is the remainder when 21 is divided by v?
9
Let l = -6 + 5. Let u be (-3 - l)/((-4)/94). Let z = -17 + u. What is the remainder when z is divided by 16?
14
Suppose -d + 2*d - 35 = 0. Suppose -3*k + d + 43 = 0. What is the remainder when 76 is divided by k?
24
Suppose 130 = 3*i - 2*k, -2*k = -5*i + 322 - 112. What is the remainder when i is divided by 11?
7
Suppose -3*d = -5*c + 2*d + 30, d = -3*c + 14. Suppose 5*n - n = -2*a + 10, -32 = -c*a - 3*n. Calculate the remainder when 10 is divided by a/1 + (-5)/5.
4
Suppose -3*c = 0, 4*c + c + 27 = p. Let w = 695 - 615. What is the remainder when w is divided by p?
26
Let c(j) = -j**2 - 5*j - 8. Let i(t) = 6*t**2 + 24*t + 40. Let m(h) = -11*c(h) - 2*i(h). What is the remainder when (-232)/(-10) + 3/(-15) is divided by m(7)?
7
Let v = 16 - -5. Let l = 26 - 15. What is the remainder when v is divided by l?
10
Suppose -5*q + 3*v = -84, -2*q - v = 4*v - 15. Suppose 109 = 3*c - 2*z - 2*z, 10 = 2*z. Calculate the remainder when c is divided by q.
13
What is the remainder when 3*(-1)/((-96)/(-99) - 1) is divided by 26?
21
Let m(h) = -h**3 + 9*h**2 + 2*h - 4. Calculate the remainder when 53 is divided by m(9).
11
What is the remainder when ((-276)/20 + 2)*-5 is divided by 15?
14
Suppose -z - 13 = -3*i, i - 9 = z - 2. Let h = 6 + z. Let o = h + 10. What is the remainder when 34 is divided by o?
10
Let g(d) = -d**3 - 5*d**2 + 6*d + 6. Let t be g(-6). Calculate the remainder when 3 is divided by 15/t*(-2)/(-5).
0
What is the remainder when 21 is divided by -3 + 5 + 4/1?
3
Let y = 11 + -8. Suppose -y*a = -2*a - 6. Calculate the remainder when (-194)/(-18) - (-4)/18 is divided by a.
5
Let s(t) be the second derivative of t**4/12 + 3*t**3/2 + 7*t**2/2 - 3*t. What is the remainder when 55 is divided by s(-11)?
26
Let l(i) = -i**3 + 6*i**2 - 2*i - 1. What is the remainder when l(4) is divided by 3?
2
Let q = 18 + -10. Let b(l) = 4*l + 2. Let p be b(4). Let d = p - q. What is the remainder when d is divided by 4?
2
Let n(q) = -q**3 + 5*q**2 - 3*q. Let b be n(4). What is the remainder when (-854)/21*